 base 12, what is -3 + 381?
37a
In base 8, what is 3665 - -5?
3672
In base 10, what is -121 + -6?
-127
In base 3, what is 10 + -110?
-100
In base 2, what is -11110100000 + -1001?
-11110101001
In base 12, what is -134 + -21?
-155
In base 5, what is -10 + -1204?
-1214
In base 2, what is -1010 - -111010100?
111001010
In base 7, what is 433 + 10?
443
In base 9, what is 15 - 103?
-77
In base 7, what is -31 + 30?
-1
In base 9, what is 7 - -460?
467
In base 15, what is -2d8 + -3?
-2db
In base 3, what is -21 - 2122?
-2220
In base 13, what is -13b + 54?
-b7
In base 11, what is 41 - -18?
59
In base 15, what is -15 - -12?
-3
In base 6, what is 14 + -441?
-423
In base 3, what is 1 + 1112?
1120
In base 3, what is -100110 - -2?
-100101
In base 16, what is -1d + 2?
-1b
In base 16, what is e - -b?
19
In base 7, what is -26634 - -3?
-26631
In base 2, what is 1 - 1010011001?
-1010011000
In base 9, what is 283 + -4?
278
In base 14, what is -8 + -98?
-a2
In base 2, what is 111000100010 + -100?
111000011110
In base 14, what is 7d - 6?
77
In base 10, what is 375 + 3?
378
In base 12, what is -32 + 12?
-20
In base 4, what is 1 + -1110?
-1103
In base 4, what is -120 + 1332?
1212
In base 5, what is 4121 + 0?
4121
In base 5, what is 10032 + -1?
10031
In base 15, what is -4b0 + 2?
-4ad
In base 6, what is -4004 - 3?
-4011
In base 13, what is -6c - 5?
-74
In base 7, what is -41 - 6?
-50
In base 8, what is -11 - 2?
-13
In base 15, what is 155 - 4?
151
In base 7, what is 2301 - -12?
2313
In base 8, what is -3 - 403?
-406
In base 8, what is -65 + -3?
-70
In base 11, what is 3 - 28?
-25
In base 9, what is 4 - 20?
-15
In base 4, what is -22 + 132?
110
In base 14, what is -14 + 11?
-3
In base 7, what is 4 + 3441?
3445
In base 6, what is -1042 + 3?
-1035
In base 4, what is -100 + 1233?
1133
In base 12, what is 56 - -102?
158
In base 11, what is 1a8 + -2?
1a6
In base 6, what is -24551 + -3?
-24554
In base 14, what is -1 + 26?
25
In base 9, what is 1226 - -2?
1228
In base 7, what is -410 + -10?
-420
In base 3, what is 10 + -1000100?
-1000020
In base 12, what is -1 - -72?
71
In base 16, what is -26c + 0?
-26c
In base 2, what is 101 + -1001000010101?
-1001000010000
In base 8, what is -4 + -433?
-437
In base 5, what is -32 + 1?
-31
In base 12, what is -78 + 3?
-75
In base 9, what is 5 - 207?
-202
In base 11, what is -938 + 3?
-935
In base 8, what is 7 - -350?
357
In base 8, what is 1 + -1333?
-1332
In base 10, what is 1880 + 12?
1892
In base 7, what is 4663 - -5?
5001
In base 9, what is -58 + -3?
-62
In base 6, what is -4 - -21010?
21002
In base 8, what is 1 + 56?
57
In base 14, what is 2564 - 3?
2561
In base 12, what is -5 + 75b?
756
In base 4, what is 3310 - -12?
3322
In base 7, what is 5 - -105?
113
In base 10, what is -2 + 363?
361
In base 6, what is -1100 + 10?
-1050
In base 5, what is 133 + 33?
221
In base 5, what is -1 - -2434?
2433
In base 7, what is -20 + -335?
-355
In base 11, what is 879 + -5?
874
In base 15, what is 1c1 - -1?
1c2
In base 9, what is 1433 + -4?
1428
In base 12, what is 53 + -213?
-180
In base 2, what is 100101 + -100?
100001
In base 16, what is 1 - c2?
-c1
In base 5, what is 12330 + 3?
12333
In base 7, what is 46 - -34?
113
In base 14, what is -20 + -3?
-23
In base 6, what is 32 - 4545?
-4513
In base 3, what is -2 - 11002?
-11011
In base 14, what is -2 + 27?
25
In base 9, what is -162 + 2?
-160
In base 14, what is -b + -19?
-26
In base 2, what is 1101100111 + 101?
1101101100
In base 8, what is -4 + -341?
-345
In base 15, what is 254 - -3?
257
In base 6, what is 13510 + 1?
13511
In base 6, what is -2 + 1313?
1311
In base 3, what is -102 - 1021200?
-1022002
In base 9, what is 861 - 4?
856
In base 11, what is -11 - -25?
14
In base 8, what is -43 - -7?
-34
In base 5, what is -30 - -3?
-22
In base 12, what is 0 + a62?
a62
In base 7, what is 10 + -161?
-151
In base 2, what is -1010010 + 1110011?
100001
In base 12, what is 98 + 1?
99
In base 4, what is 1220232 - 0?
1220232
In base 6, what is 10154 - 4?
10150
In base 15, what is -23 - -8?
-1a
In base 9, what is 57 + 105?
163
In base 3, what is 211211200 + 0?
211211200
In base 5, what is 111 - 231?
-120
In base 16, what is -6 - -22?
1c
In base 5, what is 404 + 10?
414
In base 4, what is -10 + 10?
0
In base 8, what is 26 - -60?
106
In base 12, what is -21 - -19?
-4
In base 4, what is 3010 + -121?
2223
In base 4, what is 0 + -222001?
-222001
In base 3, what is 202200200 - -11?
202200211
In base 13, what is 250 + 5?
255
In base 2, what is -10010100 + 0?
-10010100
In base 13, what is 21 + c?
30
In base 7, what is -3551 - 6?
-3560
In base 4, what is -202 - 3?
-211
In base 2, what is -101 + -110111?
-111100
In base 15, what is 2 + 10?
12
In base 4, what is 0 + -233?
-233
In base 15, what is 189 - -3?
18c
In base 5, what is -11 - -22431?
22420
In base 6, what is 302 - -203?
505
In base 2, what is -1000111 + -11110?
-1100101
In base 15, what is 1c3 - -5?
1c8
In base 7, what is -4 + 20?
13
In base 7, what is -3 + -4136?
-4142
In base 2, what is 1000 + 100?
1100
In base 12, what is -182 - 5?
-187
In base 13, what is -7 - b?
-15
In base 9, what is 564 - -1?
565
In base 14, what is 1 - 463?
-462
In base 13, what is 1a - 53?
-36
In base 10, what is -3 - 66?
-69
In base 15, what is 0 + -13?
-13
In base 16, what is 3b20 + -5?
3b1b
In base 14, what is -2d - 7?
-36
In base 15, what is 4 + -1e8?
-1e4
In base 3, what is -12100221 - 0?
-12100221
In base 14, what is -28ca - -5?
-28c5
In base 7, what is 56 + -100?
-11
In base 11, what is -800 - 19?
-819
In base 11, what is -6 + -36?
-41
In base 6, what is -122 - -3?
-115
In base 6, what is 21404 - -2?
21410
In base 8, what is -16 - -1543?
1525
In base 13, what is 0 + 195?
195
In base 11, what is 1 - -1a?
20
In base 16, what is 35 + -3?
32
In base 8, what is -46 + -36?
-104
In base 3, what is -10 - -102210?
102200
In base 16, what is -18bc + 3?
-18b9
In base 15, what is -3d2 + 3?
-3ce
In base 4, what is 101 + -22?
13
In base 13, what is -13 - 4?
-17
In base 13, what is b + 55?
63
In base 10, what is 303 + -4?
299
In base 5, what is -1004 - -2?
-1002
In base 13, what is 3a4 + -1?
3a3
In base 11, what is 2 + -49?
-47
In base 13, what is -5 + 85?
80
In base 10, what is 27 - -11?
38
In base 8, what is 0 - -113?
113
In base 8, what is 3 + -117?
-114
In base 6, what is 211 + -20?
151
In base 2, what is 11 - 11110?
-11011
In base 5, what is 11030 - 0?
11030
In base 13, what is 10 + -27?
-17
In base 3, what is -1 - -22010?
22002
In base 6, what is -150 - -4?
-142
In base 12, what is 347 - -5?
350
In base 16, what is -3 - -34?
31
In base 3, what is 2101201 + 12?
2101220
In base 6, what is 14 - 545?
-531
In base 12, what is -5 + -1a61?
-1a66
In base 6, what is 3 + 2425?
2432
In base 9, what is -7 - -574?
566
In base 8, what is 0 - -2053?
2053
In base 6, what is 305 - 0?
305
In base 15, what is -1 + -17?
-18
In base 7, what is 15462 + 5?
15500
In base 14, what is -1774 + 5?
-176d
In base 9, what is 83 - 24?
58
In base 4, what is -12311122 + 1?
-12311121
In base 3, what is -12 + 122111?
122022
In base 11, what is 561 + 2?
563
In base 9, what is 1 - -15?
16
In base 13, what is -21c7 + -5?
-21cc
In base 2, what is -100 + -1101111?
-1110011
In base 3, what is -10 - 1220?
-2000
In base 3, what is -11 + 12010?
11222
In base 16, what is -4 + 29?
25
In base 8, what is 5 - -4?
11
In base 3, what is -11 - 2100?
-2111
In base 6, what is -110 + 31?
-35
In base 11, what is 2 + -115?
-113
In base 12, what is 1 + -681?
-680
In base 11, what is 6 - -237?
242
In base 13, what is 1 - 1366?
-1365
In base 10, what is -13 + 8?
-5
In base 4, what is -10 - -330?
320
In base 10, what is 48 + 4?
52
In base 10, what is -620 + 9?
-611
In base 12, what is -4 - 90?
-94
In base 6, what is -1 + -3?
-4
In base 4, what is 3 + 20?
23
In base 14, what is -2a - 120?
-14a
In base 15, what is -8e - -2?
-8c
In base 13, what is -5 + a7?
a2
In base 12, what is 5a - -53?
b1
In base 16, what is 2 + 11d2?
11d4
In base 4, what is -2 - 1313031?
-1313033
In base 10, what is 2087 - -5?
2092
In base 13, what is b0 + -5?
a8
In base 6, what is 4125 + 0?
4125
In base 16, what is 3 - -65?
68
In base 4, what is -1 + 313?
312
In base 12, what is -8 + 10b?
103
In base 2, what is -100 - -10001?
1101
In base 10, what is -4 + -8?
-12
In base 2, what is 